{"id":218,"date":"2014-01-17T19:37:21","date_gmt":"2014-01-17T18:37:21","guid":{"rendered":"http:\/\/web.aeroclub-abbeville.fr\/aeroclub\/?page_id=218"},"modified":"2025-08-25T10:18:42","modified_gmt":"2025-08-25T09:18:42","slug":"telechargements","status":"publish","type":"page","link":"http:\/\/aeroclub-abbeville.fr\/?page_id=218","title":{"rendered":"T\u00e9l\u00e9chargements"},"content":{"rendered":"<h3><a id=\"les_statuts_de_l_aeroclub\" name=\"les_statuts_de_l_aeroclub\"><\/a>Les statuts de l&rsquo;a\u00e9roclub<\/h3>\n<div>\n<p><a href=\"http:\/\/aeroclub-abbeville.fr\/wp-content\/uploads\/2022\/09\/Statuts-et-reglement-interieur-19-03-2022.pdf\">Statuts et r\u00e8glement int\u00e9rieur 19-03-2022<\/a><\/p>\n<p><a href=\"http:\/\/aeroclub-abbeville.fr\/wp-content\/uploads\/2024\/10\/Manuel-de-Securite-DTO-ABBEVILLE-V1-m3-08-2024.pdf\">Manuel de S\u00e9curit\u00e9 DTO &#8211; ABBEVILLE &#8211; V1 &#8211; m3 &#8211; 08-2024<\/a><\/p>\n<\/div>\n<h3><a id=\"rtba\" name=\"rtba\"><\/a>RTBA<\/h3>\n<div>\n<p><a title=\"http:\/\/www.developpement-durable.gouv.fr\/IMG\/pdf\/plaquetteRTBA-19mai2011BD-2.pdf\" href=\"https:\/\/www.sia.aviation-civile.gouv.fr\/pub\/media\/news\/file\/p\/l\/plaquettertba_version_web_pap.pdf\" rel=\"nofollow\">Plaquette sur le B A BA du RTBA<\/a><\/p>\n<\/div>\n<h3><a id=\"guide_aviation_meteo_france\" name=\"guide_aviation_meteo_france\"><\/a>Guide Aviation M\u00e9t\u00e9o France<\/h3>\n<div>\n<ul>\n<li><a href=\"http:\/\/aeroclub-abbeville.fr\/wp-content\/uploads\/2019\/07\/guide_aviation_meteo_2018.pdf\">guide_aviation_m\u00e9t\u00e9o_2018<\/a><\/li>\n<\/ul>\n<\/div>\n<h3><a id=\"fcl_1028\" name=\"fcl_1028\"><\/a>FCL 1028<\/h3>\n<div>\n<p>Dans info pilote de janvier 2011 Dominique D\u00e9fossez a r\u00e9pertori\u00e9 20 sites destin\u00e9s \u00e0 faire progresser le pilote dans sa connaissance de l&rsquo;anglais en g\u00e9n\u00e9ral et a\u00e9ronautique en particulier. Dominique D\u00e9fossez femme, contr\u00f4leur a\u00e9rien a \u00e9crit un livre sur l&rsquo;anglais a\u00e9ronautique et \u00e9crit cette page depuis deux ans la revue f\u00e9d\u00e9rale. Le texte de ses exemples peut \u00eatre \u00e9cout\u00e9 sur son site (anglais pour voler.com) Un scan de la page est t\u00e9l\u00e9chargeable ici :<\/p>\n<p><a href=\"http:\/\/www.fcl-1028.aero\/\">http:\/\/www.fcl-1028.aero\/<\/a><\/p>\n<\/div>\n<h3><a id=\"log_de_nav\" name=\"log_de_nav\"><\/a>Navigation<\/h3>\n<div>\n<ul>\n<li>\n<div><a href=\"http:\/\/aeroclub-abbeville.fr\/wp-content\/uploads\/2019\/06\/log_de_nav_v5.1_de_01-2010.pdf\">log_de_nav_v5.1_de_01-2010<\/a><\/div>\n<\/li>\n<li><a href=\"http:\/\/aeroclub-abbeville.fr\/wp-content\/uploads\/2019\/07\/log_nav_2019.pdf\">log_nav_2019<\/a><\/li>\n<li><a href=\"http:\/\/aeroclub-abbeville.fr\/wp-content\/uploads\/2019\/06\/complement_vfr_2018_ed01.pdf\">compl\u00e9ment_vfr_2018_ed01<\/a><\/li>\n<li>l<a href=\"http:\/\/aeroclub-abbeville.fr\/wp-content\/uploads\/2021\/01\/LOG-DE-NAVIGATION-v1.pdf\">og de nav The good pilot<\/a><\/li>\n<li><a href=\"http:\/\/aeroclub-abbeville.fr\/wp-content\/uploads\/2022\/10\/Briefing-Navigation-ULM.pdf\">Briefing Navigation ULM<\/a><\/li>\n<\/ul>\n<\/div>\n<h3><a id=\"vol_a_voile\" name=\"vol_a_voile\"><\/a>Vol \u00e0 Voile<\/h3>\n<div>\n<ul>\n<li><a href=\"http:\/\/aeroclub-abbeville.fr\/wp-content\/uploads\/2025\/08\/PLANCHE-VOL.pdf\">Planche de vol<\/a><\/li>\n<li>\n<div><a title=\"http:\/\/aeroclub.abbeville.free.fr\/Documents\/Briefings_Campagne_1_4.pdf\" href=\"http:\/\/aeroclub.abbeville.free.fr\/Documents\/Briefings_Campagne_1_4.pdf\" rel=\"nofollow\">Briefings campagne (formation BPP)<\/a><\/div>\n<\/li>\n<li><a href=\"http:\/\/aeroclub-abbeville.fr\/wp-content\/uploads\/2014\/01\/prez_aat.pptx\">Le circuit ATT pour les nuls par Guillaume Dufrenes<\/a><\/li>\n<li>Cours sur l&rsquo;\u00e9magramme: <a href=\"http:\/\/aeroclub-abbeville.fr\/wp-content\/uploads\/2014\/01\/Emmagramme_par_Michel_Mioche.pdf\">Emmagramme_par_Michel_Mioche<\/a><\/li>\n<li><a href=\"http:\/\/aeroclub-abbeville.fr\/wp-content\/uploads\/2014\/01\/Abbeville.png\">Carte de local Abbeville<\/a><\/li>\n<li><a href=\"http:\/\/aeroclub-abbeville.fr\/wp-content\/uploads\/2014\/01\/carte-aube_zoom.jpg\">Carte de local Troyes<\/a><\/li>\n<li><a href=\"http:\/\/aeroclub-abbeville.fr\/wp-content\/uploads\/2014\/01\/lx90xx-80xxUserManualFrenchVer500.pdf\">Manuel du LX8000<\/a><\/li>\n<li><a href=\"http:\/\/aeroclub-abbeville.fr\/wp-content\/uploads\/2019\/07\/6-np41a-conversion_niveaux_de_vol.pdf\">6-np41a-conversion_niveaux_de_vol<\/a><\/li>\n<li><a href=\"http:\/\/aeroclub-abbeville.fr\/wp-content\/uploads\/2023\/05\/LXS8xS10xManualFrenchVer0546.pdf\">Manuel du LX S10 en Fran\u00e7ais (Version 0546)<\/a><\/li>\n<\/ul>\n<h3>Concours r\u00e9gional 2023<\/h3>\n<ul>\n<li><a href=\"http:\/\/aeroclub-abbeville.fr\/wp-content\/uploads\/2023\/05\/NP4.1-Schema_Procedures_Locales-Abbeville.pdf\">NP4.1-Schema_Proc\u00e9dures_Locales-Abbeville<\/a><\/li>\n<li><a href=\"http:\/\/aeroclub-abbeville.fr\/wp-content\/uploads\/2023\/04\/4.1.A_6-np41a-conversion_niveaux_de_vol.pdf\">4.1.A_6-np41a-conversion_niveaux_de_vol<\/a><\/li>\n<li><a href=\"http:\/\/aeroclub-abbeville.fr\/wp-content\/uploads\/2023\/04\/NP_4.1-Reglement-des-competitions-federales-2022.pdf\">NP_4.1 R\u00e9glement des comp\u00e9titions f\u00e9d\u00e9rales-2022<\/a><\/li>\n<li><a href=\"http:\/\/aeroclub-abbeville.fr\/wp-content\/uploads\/2023\/04\/Belgian_Airspace_20230325.zip\">Belgian_Airspace_20230325<\/a><\/li>\n<\/ul>\n<\/div>\n<h3><a id=\"manuels_de_vol\" name=\"manuels_de_vol\"><\/a>Manuels de vol<\/h3>\n<div>\n<ul>\n<li>\n<div><a title=\"http:\/\/aeroclub.abbeville.free.fr\/Documents\/wt9.pdf\" href=\"http:\/\/aeroclub.abbeville.free.fr\/Documents\/wt9.pdf\" rel=\"nofollow\">\u00a0WT9<\/a><\/div>\n<\/li>\n<li><a href=\"http:\/\/aeroclub-abbeville.fr\/wp-content\/uploads\/2019\/07\/ask13_manuel_de_vol.pdf\">ask13_manuel_de_vol<\/a><\/li>\n<li><a href=\"http:\/\/aeroclub-abbeville.fr\/wp-content\/uploads\/2019\/07\/centrair_c101.pdf\">centrair_c101<\/a><\/li>\n<li><a href=\"http:\/\/aeroclub-abbeville.fr\/wp-content\/uploads\/2019\/07\/Manuel_de_vol_ASK21.pdf\">Manuel_de_vol_ASK21<\/a><\/li>\n<li><a href=\"http:\/\/aeroclub-abbeville.fr\/wp-content\/uploads\/2019\/07\/PW5FM.pdf\">PW5FM<\/a><\/li>\n<li><a href=\"http:\/\/aeroclub-abbeville.fr\/wp-content\/uploads\/2024\/05\/Man-utilisation-MUNYN-V2-2012.pdf\">Man utilisation MUNYN V2 2012<\/a><\/li>\n<li><a href=\"http:\/\/aeroclub-abbeville.fr\/wp-content\/uploads\/2024\/05\/Manuel-dutilisation-et-dentretien-FMM-CTSL-rev-2.pdf\">Manuel d&rsquo;utilisation et d&rsquo;entretien FMM CTSL rev 2<\/a><\/li>\n<li><a href=\"http:\/\/aeroclub-abbeville.fr\/wp-content\/uploads\/2024\/05\/Manuel-de-vol-DR400\uf022120.pdf\">Manuel de vol DR400\uf022120<\/a><\/li>\n<li><a href=\"http:\/\/aeroclub-abbeville.fr\/wp-content\/uploads\/2024\/05\/MANUEL-DE-VOL-F-GLKL-2019.pdf\">MANUEL DE VOL F-GLKL 2019<\/a><\/li>\n<li><a href=\"http:\/\/aeroclub-abbeville.fr\/wp-content\/uploads\/2024\/05\/MANUEL-DE-VOL-F-GLKL-Supplem-11-2019.pdf\">MANUEL DE VOL F-GLKL Suppl\u00e9m 11-2019<\/a><\/li>\n<li><a href=\"http:\/\/aeroclub-abbeville.fr\/wp-content\/uploads\/2024\/05\/ManuelVolB23_915-06102021-en-anglais.pdf\">ManuelVolB23_915 06102021 en anglais<\/a><\/li>\n<\/ul>\n<\/div>\n\n\n\n\n\n\n<h3>ULM et CTL<\/h3>\n<ul>\n<li><a href=\"http:\/\/aeroclub-abbeville.fr\/wp-content\/uploads\/2021\/10\/Dynon-Skyview-HDX.pdf\">Cours Dynon A\u00e9roclub<\/a><\/li>\n<li><a href=\"http:\/\/aeroclub-abbeville.fr\/wp-content\/uploads\/2021\/10\/SkyView_HDX_francais.pdf\">Guide de l&rsquo;Utilisateur Dynon HDX<\/a><\/li>\n<li><a href=\"http:\/\/aeroclub-abbeville.fr\/wp-content\/uploads\/2021\/10\/Manuel-dutilisation-et-dentretien-FMM-CTSL-rev-2.pdf\">Manuel d&rsquo;Utilisation et d&rsquo;Entretien du CTL<\/a><\/li>\n<li><a href=\"http:\/\/aeroclub-abbeville.fr\/wp-content\/uploads\/2021\/10\/Check-list-ACS-10-03-2021.pdf\">Checklist du CTL F-JHRV<\/a><\/li>\n<li><a href=\"https:\/\/www.youtube.com\/user\/DynonAvionics\">La chaine YouTube de Dynon Avionics<\/a><\/li>\n<\/ul>\n<p>&nbsp;<\/p>\n\n\n\n<div class=\"wp-block-media-text alignwide is-stacked-on-mobile\"><figure class=\"wp-block-media-text__media\"><\/figure><div class=\"wp-block-media-text__content\">\n<p><\/p>\n<\/div><\/div>\n\n\n\n<div class=\"wp-block-media-text alignwide is-stacked-on-mobile\"><figure class=\"wp-block-media-text__media\"><\/figure><div class=\"wp-block-media-text__content\">\n<p><\/p>\n<\/div><\/div>\n\n\n\n<div class=\"wp-block-media-text alignwide is-stacked-on-mobile\"><figure class=\"wp-block-media-text__media\"><\/figure><div class=\"wp-block-media-text__content\">\n<p><\/p>\n<\/div><\/div>\n\n\n\n<figure class=\"wp-block-gallery has-nested-images columns-default is-cropped wp-block-gallery-1 is-layout-flex wp-block-gallery-is-layout-flex\"><\/figure>\n\n\n\n<figure class=\"wp-block-gallery has-nested-images columns-default is-cropped wp-block-gallery-2 is-layout-flex wp-block-gallery-is-layout-flex\"><\/figure>\n\n\n\n<figure class=\"wp-block-gallery has-nested-images columns-default is-cropped wp-block-gallery-3 is-layout-flex wp-block-gallery-is-layout-flex\"><\/figure>\n\n\n\n<figure class=\"wp-block-gallery has-nested-images columns-default is-cropped wp-block-gallery-4 is-layout-flex wp-block-gallery-is-layout-flex\"><\/figure>\n\n\n\n<figure class=\"wp-block-gallery has-nested-images columns-default is-cropped wp-block-gallery-5 is-layout-flex wp-block-gallery-is-layout-flex\"><\/figure>\n\n\n\n<figure class=\"wp-block-gallery has-nested-images columns-default is-cropped wp-block-gallery-6 is-layout-flex wp-block-gallery-is-layout-flex\"><\/figure>\n\n\n\n<figure class=\"wp-block-gallery has-nested-images columns-default is-cropped wp-block-gallery-7 is-layout-flex wp-block-gallery-is-layout-flex\"><\/figure>\n\n\n\n<figure class=\"wp-block-gallery has-nested-images columns-default is-cropped wp-block-gallery-8 is-layout-flex wp-block-gallery-is-layout-flex\"><\/figure>\n\n\n\n<figure class=\"wp-block-gallery has-nested-images columns-default is-cropped wp-block-gallery-9 is-layout-flex wp-block-gallery-is-layout-flex\"><\/figure>\n\n\n\n<figure class=\"wp-block-gallery has-nested-images columns-default is-cropped wp-block-gallery-10 is-layout-flex wp-block-gallery-is-layout-flex\"><\/figure>\n","protected":false},"excerpt":{"rendered":"<p>Les statuts de l&rsquo;a\u00e9roclub Statuts et r\u00e8glement int\u00e9rieur 19-03-2022 Manuel de S\u00e9curit\u00e9 DTO &#8211; ABBEVILLE &#8211; V1 &#8211; m3 &#8211; 08-2024 RTBA Plaquette sur le B A BA du RTBA Guide Aviation M\u00e9t\u00e9o France guide_aviation_m\u00e9t\u00e9o_2018 FCL 1028 Dans info pilote de janvier 2011 Dominique D\u00e9fossez a r\u00e9pertori\u00e9 20 sites destin\u00e9s \u00e0 faire progresser le pilote [&hellip;]<\/p>\n","protected":false},"author":67,"featured_media":0,"parent":0,"menu_order":0,"comment_status":"open","ping_status":"open","template":"","meta":{"inline_featured_image":false,"footnotes":""},"class_list":["post-218","page","type-page","status-publish","hentry"],"_links":{"self":[{"href":"http:\/\/aeroclub-abbeville.fr\/index.php?rest_route=\/wp\/v2\/pages\/218","targetHints":{"allow":["GET"]}}],"collection":[{"href":"http:\/\/aeroclub-abbeville.fr\/index.php?rest_route=\/wp\/v2\/pages"}],"about":[{"href":"http:\/\/aeroclub-abbeville.fr\/index.php?rest_route=\/wp\/v2\/types\/page"}],"author":[{"embeddable":true,"href":"http:\/\/aeroclub-abbeville.fr\/index.php?rest_route=\/wp\/v2\/users\/67"}],"replies":[{"embeddable":true,"href":"http:\/\/aeroclub-abbeville.fr\/index.php?rest_route=%2Fwp%2Fv2%2Fcomments&post=218"}],"version-history":[{"count":45,"href":"http:\/\/aeroclub-abbeville.fr\/index.php?rest_route=\/wp\/v2\/pages\/218\/revisions"}],"predecessor-version":[{"id":6612,"href":"http:\/\/aeroclub-abbeville.fr\/index.php?rest_route=\/wp\/v2\/pages\/218\/revisions\/6612"}],"wp:attachment":[{"href":"http:\/\/aeroclub-abbeville.fr\/index.php?rest_route=%2Fwp%2Fv2%2Fmedia&parent=218"}],"curies":[{"name":"wp","href":"https:\/\/api.w.org\/{rel}","templated":true}]}}