{"id":42,"date":"2014-01-07T22:25:15","date_gmt":"2014-01-07T21:25:15","guid":{"rendered":"http:\/\/web.aeroclub-abbeville.fr\/aeroclub\/?page_id=42"},"modified":"2024-11-27T15:19:31","modified_gmt":"2024-11-27T14:19:31","slug":"planning-bia","status":"publish","type":"page","link":"http:\/\/aeroclub-abbeville.fr\/?page_id=42","title":{"rendered":"Planning BIA"},"content":{"rendered":"\n<p><\/p>\n\n\n<h2><a id=\"planning_previsionnel_des_cours\" name=\"planning_previsionnel_des_cours\"><\/a>Planning pr\u00e9visionnel des cours 2022-2023<\/h2>\n<div>\n<table style=\"width: 143.018%; height: 1034px;\">\n<tbody>\n<tr style=\"height: 44px;\">\n<th style=\"width: 12.1834%; height: 44px;\">Dates<\/th>\n<th style=\"width: 25.4524%; height: 44px;\">Premier cours 9h30 \u00e0 10h45<\/th>\n<th style=\"width: 28.2268%; height: 44px;\">Deuxi\u00e8me cours 11h00 \u00e0 12h15<\/th>\n<td style=\"width: 32.69%; height: 44px;\">\u00a0<\/td>\n<\/tr>\n<tr style=\"height: 44px;\">\n<td style=\"width: 12.1834%; height: 44px;\">06 octobre<\/td>\n<td style=\"width: 25.4524%; height: 44px;\"><span style=\"color: #000000;\">A\u00e9rodynamique A\u00e9rostatique 1<\/span><\/td>\n<td style=\"width: 28.2268%; height: 44px;\"><span style=\"color: #000000;\">M\u00e9t\u00e9orologie a\u00e9rologie 1<\/span><\/td>\n<td style=\"width: 32.69%; height: 44px;\">\u00a0<\/td>\n<\/tr>\n<tr style=\"height: 24px;\">\n<td style=\"width: 12.1834%; height: 24px;\">13 octobre<\/td>\n<td style=\"width: 25.4524%; height: 24px;\"><span style=\"color: #000000;\">M\u00e9t\u00e9orologie a\u00e9rologie 2<\/span><\/td>\n<td style=\"width: 28.2268%; height: 24px;\">Etude des a\u00e9ronefs et des engins spatiaux 1<\/td>\n<td style=\"width: 32.69%; height: 24px;\">\u00a0<\/td>\n<\/tr>\n<tr style=\"height: 44px;\">\n<td style=\"width: 12.1834%; height: 44px;\"><span style=\"color: #000000;\">20 octobre<\/span><\/td>\n<td style=\"width: 25.4524%; height: 44px;\">Navigation 1<\/td>\n<td style=\"width: 28.2268%; height: 44px;\"><span style=\"color: #000000;\">A\u00e9rodynamique A\u00e9rostatique 2<\/span><\/td>\n<td style=\"width: 32.69%; height: 44px;\">\u00a0<\/td>\n<\/tr>\n<tr style=\"height: 44px;\">\n<td style=\"width: 12.1834%; height: 44px;\"><span style=\"color: #000000;\">10 novembre<\/span><\/td>\n<td style=\"width: 25.4524%; height: 44px;\"><span style=\"color: #000000;\">Histoire\u00a0 culture a\u00e9ronautique et spatial 1<\/span><\/td>\n<td style=\"width: 28.2268%; height: 44px;\"><span style=\"color: #000000;\">M\u00e9t\u00e9orologie a\u00e9rologie 3<\/span><\/td>\n<td style=\"width: 32.69%; height: 44px;\">\u00a0<\/td>\n<\/tr>\n<tr style=\"height: 24px;\">\n<td style=\"width: 65.8626%; height: 24px;\" colspan=\"3\"><span style=\"color: #000000;\">\u00a0<\/span><\/td>\n<td style=\"width: 32.69%; height: 24px;\">\u00a0<\/td>\n<\/tr>\n<tr style=\"height: 44px;\">\n<td style=\"width: 12.1834%; height: 44px;\"><span style=\"color: #000000;\">17 novembre<\/span><\/td>\n<td style=\"width: 25.4524%; height: 44px;\"><span style=\"color: #000000;\">A\u00e9rodynamique A\u00e9rostatique 3<\/span><\/td>\n<td style=\"width: 28.2268%; height: 44px;\">\u00a0<span style=\"color: #000000;\">Information Carri\u00e8res Arm\u00e9e de l&rsquo;Air<\/span><\/td>\n<td style=\"width: 32.69%; height: 44px;\">\u00a0<\/td>\n<\/tr>\n<tr style=\"height: 44px;\">\n<td style=\"width: 12.1834%; height: 44px;\"><span style=\"color: #000000;\">24 novembre<\/span><\/td>\n<td style=\"width: 25.4524%; height: 44px;\">Etude des a\u00e9ronefs et des engins spatiaux 2<\/td>\n<td style=\"width: 28.2268%; height: 44px;\">R\u00e9glementation S\u00e9curit\u00e9 1<\/td>\n<td style=\"width: 32.69%; height: 44px;\">\u00a0<\/td>\n<\/tr>\n<tr style=\"height: 44px;\">\n<td style=\"width: 12.1834%; height: 44px;\"><span style=\"color: #000000;\">01 d\u00e9cembre<\/span><\/td>\n<td style=\"width: 25.4524%; height: 44px;\"><span style=\"color: #000000;\">M\u00e9t\u00e9orologie a\u00e9rologie 4<\/span><\/td>\n<td style=\"width: 28.2268%; height: 44px;\"><span style=\"color: #000000;\"> A\u00e9rodynamique A\u00e9rostatique 4<\/span><\/td>\n<td style=\"width: 32.69%; height: 44px;\">\u00a0<\/td>\n<\/tr>\n<tr style=\"height: 44px;\">\n<td style=\"width: 12.1834%; height: 44px;\"><span style=\"color: #000000;\">08 d\u00e9cembre<\/span><\/td>\n<td style=\"width: 25.4524%; height: 44px;\"><span style=\"color: #000000;\">M\u00e9t\u00e9orologie a\u00e9rologie 5<\/span><\/td>\n<td style=\"width: 28.2268%; height: 44px;\"><span style=\"color: #000000;\">R\u00e9glementation S\u00e9curit\u00e9\u00a0 2<\/span><\/td>\n<td style=\"width: 32.69%; height: 44px;\">\u00a0<\/td>\n<\/tr>\n<tr style=\"height: 44px;\">\n<td style=\"width: 12.1834%; height: 44px;\"><span style=\"color: #000000;\">15 d\u00e9cembre<\/span><\/td>\n<td style=\"width: 25.4524%; height: 44px;\"><span style=\"color: #000000;\">A\u00e9rodynamique A\u00e9rostatique 5<\/span><\/td>\n<td style=\"width: 28.2268%; height: 44px;\"><span style=\"color: #000000;\">R\u00e9glementation S\u00e9curit\u00e9\u00a0 3<\/span><\/td>\n<td style=\"width: 32.69%; height: 44px;\">\u00a0<\/td>\n<\/tr>\n<tr style=\"height: 44px;\">\n<td style=\"width: 12.1834%; height: 44px;\"><span style=\"color: #000000;\">12 janvier<\/span><\/td>\n<td style=\"width: 25.4524%; height: 44px;\">Facteurs humains<\/td>\n<td style=\"width: 28.2268%; height: 44px;\">Navigation 2<\/td>\n<td style=\"width: 32.69%; height: 44px;\">\u00a0<\/td>\n<\/tr>\n<tr style=\"height: 24px;\">\n<td style=\"width: 65.8626%; height: 24px;\" colspan=\"3\">\u00a0<\/td>\n<td style=\"width: 32.69%; height: 24px;\">\u00a0<\/td>\n<\/tr>\n<tr style=\"height: 24px;\">\n<td style=\"width: 12.1834%; height: 24px;\"><span style=\"color: #000000;\">19 janvier<\/span><\/td>\n<td style=\"width: 25.4524%; height: 24px;\"><span style=\"color: #000000;\">Histoire\u00a0 culture a\u00e9ronautique et spatial 2<\/span><\/td>\n<td style=\"width: 28.2268%; height: 24px;\">Principe du vol 1<\/td>\n<td style=\"width: 32.69%; height: 24px;\">\u00a0<\/td>\n<\/tr>\n<tr style=\"height: 44px;\">\n<td style=\"width: 12.1834%; height: 44px;\"><span style=\"color: #000000;\">26 janvier<\/span><\/td>\n<td style=\"width: 25.4524%; height: 44px;\">M\u00e9t\u00e9o a\u00e9rologie 6<\/td>\n<td style=\"width: 28.2268%; height: 44px;\"><span style=\"color: #000000;\">Histoire\u00a0 culture a\u00e9ronautique et spatial 3<\/span><\/td>\n<td style=\"width: 32.69%; height: 44px;\">\u00a0<\/td>\n<\/tr>\n<tr style=\"height: 44px;\">\n<td style=\"width: 12.1834%; height: 44px;\"><span style=\"color: #000000;\">02 f\u00e9vrier<\/span><\/td>\n<td style=\"width: 25.4524%; height: 44px;\">Etude des a\u00e9ronefs et des engins spatiaux 3<\/td>\n<td style=\"width: 28.2268%; height: 44px;\"><span style=\"color: #000000;\">Histoire\u00a0 culture a\u00e9ronautique et spatial 4<\/span><\/td>\n<td style=\"width: 32.69%; height: 44px;\">\u00a0<\/td>\n<\/tr>\n<tr style=\"height: 24px;\">\n<td style=\"width: 12.1834%; height: 24px;\">02 mars<\/td>\n<td style=\"width: 25.4524%; height: 24px;\">Principe du vol 2<\/td>\n<td style=\"width: 28.2268%; height: 24px;\"><span style=\"color: #000000;\">Navigation 3<\/span><\/td>\n<td style=\"width: 32.69%; height: 24px;\">\u00a0<\/td>\n<\/tr>\n<tr style=\"height: 24px;\">\n<td style=\"width: 65.8626%; height: 24px;\" colspan=\"3\"><span style=\"color: #000000;\"><strong>\u00a0 \u00a0<\/strong><\/span><\/td>\n<td style=\"width: 32.69%; height: 24px;\">\u00a0<\/td>\n<\/tr>\n<tr style=\"height: 44px;\">\n<td style=\"width: 12.1834%; height: 44px;\"><span style=\"color: #000000;\">09 mars<\/span><\/td>\n<td style=\"width: 25.4524%; height: 44px;\">M\u00e9t\u00e9o a\u00e9rologie 7<\/td>\n<td style=\"width: 28.2268%; height: 44px;\"><span style=\"color: #000000;\">Histoire\u00a0 culture a\u00e9ronautique et spatial 5<\/span><\/td>\n<td style=\"width: 32.69%; height: 44px;\">\u00a0<\/td>\n<\/tr>\n<tr style=\"height: 24px;\">\n<td style=\"width: 12.1834%; height: 24px;\"><span style=\"color: #000000;\">16 mars<\/span><\/td>\n<td style=\"width: 25.4524%; height: 24px;\"><span style=\"color: #000000;\">A\u00e9rodynamique principe du vol 3<\/span><\/td>\n<td style=\"width: 28.2268%; height: 24px;\"><span style=\"color: #000000;\">Anglais a\u00e9ronautique 1<\/span><\/td>\n<td style=\"width: 32.69%; height: 24px;\">\u00a0<\/td>\n<\/tr>\n<tr style=\"height: 44px;\">\n<td style=\"width: 12.1834%; height: 44px;\"><span style=\"color: #000000;\">23 mars<\/span><\/td>\n<td style=\"width: 25.4524%; height: 44px;\">M\u00e9t\u00e9o a\u00e9rologie 8<\/td>\n<td style=\"width: 28.2268%; height: 44px;\"><span style=\"color: #000000;\">Histoire\u00a0 culture a\u00e9ronautique et spatial 6<\/span><\/td>\n<td style=\"width: 32.69%; height: 44px;\">\u00a0<\/td>\n<\/tr>\n<tr style=\"height: 44px;\">\n<td style=\"width: 12.1834%; height: 44px;\"><span style=\"color: #000000;\">30 mars<\/span><\/td>\n<td style=\"width: 25.4524%; height: 44px;\"><span style=\"color: #000000;\"> Etude des a\u00e9ronefs et des engins spatiaux 4\u00a0<\/span><\/td>\n<td style=\"width: 28.2268%; height: 44px;\"><span style=\"color: #000000;\">Anglais a\u00e9ronautique 2<\/span><\/td>\n<td style=\"width: 32.69%; height: 44px;\">\u00a0<\/td>\n<\/tr>\n<tr style=\"height: 44px;\">\n<td style=\"width: 12.1834%; height: 44px;\"><span style=\"color: #000000;\">27 mars<\/span><\/td>\n<td style=\"width: 25.4524%; height: 44px;\"><span style=\"color: #000000;\">Anglais a\u00e9ronautique 3<\/span><\/td>\n<td style=\"width: 28.2268%; height: 44px;\"><span style=\"color: #000000;\">Histoire\u00a0 culture a\u00e9ronautique et spatial 7<\/span><\/td>\n<td style=\"width: 32.69%; height: 44px;\">\u00a0<\/td>\n<\/tr>\n<tr style=\"height: 44px;\">\n<td style=\"width: 12.1834%; height: 44px;\"><span style=\"color: #000000;\">04 avril<\/span><\/td>\n<td style=\"width: 25.4524%; height: 44px;\">A\u00e9rodynamique Principe du vol 4<\/td>\n<td style=\"width: 28.2268%; height: 44px;\">Pr\u00e9sentation du vol en planeur par les jeunes pilotes<\/td>\n<td style=\"width: 32.69%; height: 44px;\">\u00a0<\/td>\n<\/tr>\n<tr style=\"height: 24px;\">\n<td style=\"width: 65.8626%; height: 24px;\" colspan=\"3\">\u00a0<\/td>\n<td style=\"width: 32.69%; height: 24px;\">\u00a0<\/td>\n<\/tr>\n<tr style=\"height: 44px;\">\n<td style=\"width: 12.1834%; height: 44px;\"><span style=\"color: #000000;\">11 avril<\/span><\/td>\n<td style=\"width: 25.4524%; height: 44px;\">\u00a0Navigation 4<\/td>\n<td style=\"width: 28.2268%; height: 44px;\"><span style=\"color: #000000;\">Etude des a\u00e9ronefs et des engins spatiaux 5<\/span><\/td>\n<td style=\"width: 32.69%; height: 44px;\">\u00a0<\/td>\n<\/tr>\n<tr style=\"height: 26px;\">\n<td style=\"width: 12.1834%; height: 26px;\"><span style=\"color: #000000;\">\u00a018 mai<\/span><\/td>\n<td style=\"width: 25.4524%; height: 26px;\">M\u00e9t\u00e9o a\u00e9rologie 9<\/td>\n<td style=\"width: 28.2268%; height: 26px;\">\u00a0<span style=\"color: #000000;\">Anglais a\u00e9ronautique 4<\/span><\/td>\n<td style=\"width: 32.69%; height: 26px;\">\u00a0<\/td>\n<\/tr>\n<tr style=\"height: 24px;\">\n<td style=\"width: 12.1834%; height: 24px;\"><span style=\"color: #000000;\">\u00a021 mai<\/span><\/td>\n<td style=\"width: 86.3692%; height: 24px;\" colspan=\"3\">Examen<\/td>\n<\/tr>\n<\/tbody>\n<\/table>\n<\/div>\n<h2><a id=\"liste_des_formateurs\" name=\"liste_des_formateurs\"><\/a><span style=\"color: #000000;\">Liste des formateurs<\/span><\/h2>\n<table>\n<tbody>\n<tr>\n<th><span style=\"color: #000000;\">Mati\u00e8re<\/span><\/th>\n<th><span style=\"color: #000000;\">Formateur<\/span><\/th>\n<\/tr>\n<tr>\n<td><span style=\"color: #000000;\">A\u00e9rodynamique a\u00e9rostatique<\/span><\/td>\n<td><span style=\"color: #000000;\">Louis ADAMS<\/span><\/td>\n<\/tr>\n<tr>\n<td><span style=\"color: #000000;\">A\u00e9rodynamique et principes du vol<\/span><\/td>\n<td><span style=\"color: #000000;\">Louis ADAMS<\/span><\/td>\n<\/tr>\n<tr>\n<td><span style=\"color: #000000;\">\u00c9tude des a\u00e9ronefs et des engins spatiaux<\/span><\/td>\n<td><span style=\"color: #000000;\">Sarah LEJOSNE<\/span><\/td>\n<\/tr>\n<tr>\n<td><span style=\"color: #000000;\">R\u00e9glementation<\/span><\/td>\n<td><span style=\"color: #000000;\">Christian GALLI<\/span><\/td>\n<\/tr>\n<tr>\n<td><span style=\"color: #000000;\">S\u00e9curit\u00e9 des vols<\/span><\/td>\n<td><span style=\"color: #000000;\">Christian GALLI<\/span><\/td>\n<\/tr>\n<tr>\n<td><span style=\"color: #000000;\">Navigation<\/span><\/td>\n<td><span style=\"color: #000000;\">Julien GRADEL<\/span><\/td>\n<\/tr>\n<tr>\n<td><span style=\"color: #000000;\">Histoire et culture de l&rsquo;a\u00e9ronautique et du spatial<\/span><\/td>\n<td><span style=\"color: #000000;\">Christophe LENTZ<\/span><\/td>\n<\/tr>\n<tr>\n<td><span style=\"color: #000000;\">M\u00e9t\u00e9orologie et a\u00e9rologie<\/span><\/td>\n<td><span style=\"color: #000000;\">Jean-Pierre LIGNIER<\/span><\/td>\n<\/tr>\n<tr>\n<td><span style=\"color: #000000;\">Anglais a\u00e9ronautique<\/span><\/td>\n<td><span style=\"color: #000000;\">Fr\u00e9d\u00e9ric PEIGNOT<\/span><\/td>\n<\/tr>\n<tr>\n<td><span style=\"color: #000000;\">Facteurs humains<\/span><\/td>\n<td><span style=\"color: #000000;\">Patrick POPPE m\u00e9decin<\/span><\/td>\n<\/tr>\n<tr>\n<td><span style=\"color: #000000;\">Information carri\u00e8res militaires<\/span><\/td>\n<td><span style=\"color: #000000;\">Capitaine\u00a0BOBEE<\/span><\/td>\n<\/tr>\n<tr>\n<td><span style=\"color: #000000;\">Ultra-l\u00e9gers motoris\u00e9s<\/span><\/td>\n<td>\u00a0<\/td>\n<\/tr>\n<\/tbody>\n<\/table>\n\n\n<p><\/p>\n","protected":false},"excerpt":{"rendered":"<p>Planning pr\u00e9visionnel des cours 2022-2023 Dates Premier cours 9h30 \u00e0 10h45 Deuxi\u00e8me cours 11h00 \u00e0 12h15 \u00a0 06 octobre A\u00e9rodynamique A\u00e9rostatique 1 M\u00e9t\u00e9orologie a\u00e9rologie 1 \u00a0 13 octobre M\u00e9t\u00e9orologie a\u00e9rologie 2 Etude des a\u00e9ronefs et des engins spatiaux 1 \u00a0 20 octobre Navigation 1 A\u00e9rodynamique A\u00e9rostatique 2 \u00a0 10 novembre Histoire\u00a0 culture a\u00e9ronautique et spatial [&hellip;]<\/p>\n","protected":false},"author":67,"featured_media":0,"parent":0,"menu_order":0,"comment_status":"open","ping_status":"open","template":"","meta":{"inline_featured_image":false,"footnotes":""},"class_list":["post-42","page","type-page","status-publish","hentry"],"_links":{"self":[{"href":"http:\/\/aeroclub-abbeville.fr\/index.php?rest_route=\/wp\/v2\/pages\/42","targetHints":{"allow":["GET"]}}],"collection":[{"href":"http:\/\/aeroclub-abbeville.fr\/index.php?rest_route=\/wp\/v2\/pages"}],"about":[{"href":"http:\/\/aeroclub-abbeville.fr\/index.php?rest_route=\/wp\/v2\/types\/page"}],"author":[{"embeddable":true,"href":"http:\/\/aeroclub-abbeville.fr\/index.php?rest_route=\/wp\/v2\/users\/67"}],"replies":[{"embeddable":true,"href":"http:\/\/aeroclub-abbeville.fr\/index.php?rest_route=%2Fwp%2Fv2%2Fcomments&post=42"}],"version-history":[{"count":37,"href":"http:\/\/aeroclub-abbeville.fr\/index.php?rest_route=\/wp\/v2\/pages\/42\/revisions"}],"predecessor-version":[{"id":6269,"href":"http:\/\/aeroclub-abbeville.fr\/index.php?rest_route=\/wp\/v2\/pages\/42\/revisions\/6269"}],"wp:attachment":[{"href":"http:\/\/aeroclub-abbeville.fr\/index.php?rest_route=%2Fwp%2Fv2%2Fmedia&parent=42"}],"curies":[{"name":"wp","href":"https:\/\/api.w.org\/{rel}","templated":true}]}}