{"id":5087,"date":"2022-03-27T18:18:49","date_gmt":"2022-03-27T17:18:49","guid":{"rendered":"http:\/\/aeroclub-abbeville.fr\/?page_id=5087"},"modified":"2025-12-24T12:08:24","modified_gmt":"2025-12-24T11:08:24","slug":"vols-de-decouverte-baptemes-de-lair","status":"publish","type":"page","link":"http:\/\/aeroclub-abbeville.fr\/?page_id=5087","title":{"rendered":"Vols de d\u00e9couverte (bapt\u00eames de l&rsquo;air)"},"content":{"rendered":"\n<p><strong><mark style=\"background-color:rgba(0, 0, 0, 0)\" class=\"has-inline-color has-vivid-cyan-blue-color\">L&rsquo;a\u00e9ro-club propose des bapt\u00eames en avion, ULM multiaxe ou en planeur.<\/mark><\/strong><br><em>Pour les autres activit\u00e9s se d\u00e9roulant \u00e0 l&rsquo;a\u00e9rodrome d&rsquo;Abbeville, veuillez consulter le <strong>bas de cette page<\/strong> SVP.<\/em><\/p>\n\n\n\n<p><br><strong><mark style=\"background-color:rgba(0, 0, 0, 0)\" class=\"has-inline-color has-vivid-cyan-blue-color\">Plusieurs formules sont disponibles&nbsp;:<\/mark><\/strong><br><em>Les tarifs susmentionn\u00e9es ont \u00e9t\u00e9 mis \u00e0 jour le 5&nbsp;juin&nbsp;2025 (sous r\u00e9serve de modifications ult\u00e9rieures en raison des fluctuations des prix du carburant).<\/em><\/p>\n\n\n\n<p class=\"has-small-font-size\"><\/p>\n\n\n\n<p><strong><mark style=\"background-color:rgba(0, 0, 0, 0)\" class=\"has-inline-color has-vivid-red-color\">Tour d&rsquo;Abbeville<\/mark><\/strong> (dur\u00e9e environ 15&nbsp;mn)<\/p>\n\n\n\n<p>1 personne&nbsp;: 85&nbsp;\u20ac (vol en ULM Nynja ou CTSL)<\/p>\n\n\n\n<p>2 personnes&nbsp;: 130&nbsp;\u20ac (vol en avion Robin DR-400)<\/p>\n\n\n\n<p><\/p>\n\n\n\n<p><mark style=\"background-color:rgba(0, 0, 0, 0)\" class=\"has-inline-color has-vivid-red-color\"><strong>C<\/strong><\/mark><strong><mark style=\"background-color:rgba(0, 0, 0, 0)\" class=\"has-inline-color has-vivid-red-color\">ircuit \u00ab\u00a0Baie de Somme\u00a0\u00bb <\/mark><\/strong>(dur\u00e9e environ 30&nbsp;mn)<\/p>\n\n\n\n<p>1 personne&nbsp;:   130&nbsp;\u20ac (vol en ULM Nynja ou CTSL) <\/p>\n\n\n\n<p>2 personnes&nbsp;: 195&nbsp;\u20ac (vol en avion Robin DR-400)<\/p>\n\n\n\n<p>N.B.&nbsp;: le vol peut se faire \u00e0 la demande, en l&rsquo;indiquant au pilote avant le d\u00e9collage&nbsp;:<\/p>\n\n\n\n<ul class=\"wp-block-list\">\n<li>par le Sud : a\u00e9rodrome&nbsp;&gt; Cayeux-sur-Mer&nbsp;&gt; Pointe du Hourdel&nbsp;&gt; Baie&nbsp;&gt; Le&nbsp;Crotoy&nbsp;&gt; Saint-Valery-sur-Somme&nbsp;&gt; retour a\u00e9rodrome<\/li>\n\n\n\n<li>par le Nord&nbsp;: a\u00e9rodrome&nbsp;&gt; Quend&nbsp;&gt; Pointe du Hourdel&nbsp;&gt; Baie&nbsp;&gt; Le&nbsp;Crotoy&nbsp;&gt; Saint-Valery-sur-Somme&nbsp;&gt; retour a\u00e9rodrome<\/li>\n<\/ul>\n\n\n\n<p><\/p>\n\n\n\n<p><strong><mark style=\"background-color:rgba(0, 0, 0, 0)\" class=\"has-inline-color has-vivid-red-color\">Circuit \u00ab\u00a0Falaises\u00a0\u00bb ou<\/mark> <mark style=\"background-color:rgba(0, 0, 0, 0)\" class=\"has-inline-color has-vivid-red-color\">Marquenterre<\/mark><\/strong> (dur\u00e9e environ 40 mn)<\/p>\n\n\n\n<p> 1 personne&nbsp;:   150&nbsp;\u20ac (vol en ULM Nynja ou CTSL)  <\/p>\n\n\n\n<p>2 personnes&nbsp;: 245&nbsp;\u20ac (vol en avion Robin DR-400)<\/p>\n\n\n\n<p><\/p>\n\n\n\n<p><strong><mark style=\"background-color:rgba(0, 0, 0, 0)\" class=\"has-inline-color has-vivid-red-color\">Vol en planeur&nbsp;:<\/mark><\/strong> 20&nbsp;mn. Tarif&nbsp;: 140&nbsp;\u20ac<\/p>\n\n\n\n<p>Appelez Fran\u00e7ois au 06&nbsp;81&nbsp;90&nbsp;80&nbsp;63<\/p>\n\n\n\n<p><\/p>\n\n\n\n<p><mark style=\"background-color:rgba(0, 0, 0, 0)\" class=\"has-inline-color has-vivid-red-color\"><strong>Pour r\u00e9server <\/strong>(<strong>avion ou ULM<\/strong>)<strong>&nbsp;:<\/strong><\/mark><\/p>\n\n\n\n<p>Pour \u00eatre effectu\u00e9s, les vols doivent <strong>pr\u00e9alablement \u00eatre r\u00e9serv\u00e9s<\/strong>.<\/p>\n\n\n\n<p>Vous pouvez commander votre bon&nbsp;\u2014 ou un bon cadeau&nbsp;\u2014 par courrier (adresse postale&nbsp;: A\u00e9ro-Club d\u2019Abbeville, RN&nbsp;1, 80132&nbsp;Buigny-Saint-Maclou), en joignant le r\u00e8glement par ch\u00e8que libell\u00e9 \u00e0 l&rsquo;ordre de l&rsquo;a\u00e9roclub d&rsquo;Abbeville-Buigny-Baie de Somme, tout en pr\u00e9cisant l&rsquo;adresse o\u00f9 ce bon doit \u00eatre envoy\u00e9.<\/p>\n\n\n\n<p>Vous pouvez \u00e9galement retirer le bon sur place (en t\u00e9l\u00e9phonant, <strong>pour l\u2019avion<\/strong>, \u00e0 Daniel au 06&nbsp;12&nbsp;01&nbsp;37&nbsp;22 ou Nicolas au 07&nbsp;69&nbsp;23&nbsp;43&nbsp;21).<\/p>\n\n\n\n<p>Les bons sont valables 1\u00a0an, avec \u00e9ventuelle prolongation selon les circonstances.<br><br>Attention\u00a0: la s\u00e9curit\u00e9 \u00e9tant la priorit\u00e9 des priorit\u00e9s, le commandant de bord reportera le vol en cas de m\u00e9t\u00e9o inad\u00e9quate \u00e0 l&rsquo;aviation l\u00e9g\u00e8re ou toute autre probl\u00e9matique pr\u00e9sentant un risque.<br>Vous serez contact\u00e9 le cas \u00e9ch\u00e9ant.<\/p>\n\n\n\n<p><br><strong><mark style=\"background-color:rgba(0, 0, 0, 0)\" class=\"has-inline-color has-vivid-green-cyan-color\">Autres activit\u00e9s&nbsp;:<\/mark><\/strong><\/p>\n\n\n\n<p>L&rsquo;a\u00e9ro-club ne g\u00e8re en aucun cas les autres activit\u00e9s disponibles sur l&rsquo;a\u00e9rodrome d&rsquo;Abbeville.<br>Ainsi, nous vous invitons \u00e0 contacter directement les interlocuteurs suivants :<\/p>\n\n\n\n<ul class=\"wp-block-list\">\n<li>ULM pendulaire&nbsp;: Ludair, au 06&nbsp;03&nbsp;28&nbsp;66&nbsp;96<\/li>\n\n\n\n<li>Paramoteur&nbsp;: SoniAir Paramoteur, via le site <a href=\"https:\/\/soniair-paramoteur.fr\/\">https:\/\/soniair-paramoteur.fr\/<\/a> ou au 06&nbsp;89&nbsp;65&nbsp;96&nbsp;51<\/li>\n\n\n\n<li>Autogire&nbsp;: Air Landscape, au 06&nbsp;71&nbsp;53&nbsp;78&nbsp;68<\/li>\n\n\n\n<li>Avion de collection (biplan Boeing&nbsp;Stearman)&nbsp;: 06&nbsp;62&nbsp;11&nbsp;09&nbsp;27<\/li>\n\n\n\n<li>Montgolfi\u00e8re&nbsp;: Magic&nbsp;Balloons (G\u00e9rard&nbsp;Bayon), via le site <a href=\"https:\/\/www.magic-balloons.fr\/index.html\">https:\/\/www.magic-balloons.fr\/<\/a> ou par SMS au 06&nbsp;10&nbsp;32&nbsp;56&nbsp;13<\/li>\n\n\n\n<li>Parachutisme (saut en tandem)&nbsp;: FlyAdrenaline, via le site <a href=\"https:\/\/flyadrenaline.com\/\">https:\/\/flyadrenaline.com\/<\/a> ou au 06&nbsp;78&nbsp;69&nbsp;49&nbsp;54<\/li>\n\n\n\n<li>H\u00e9licopt\u00e8re&nbsp;: H\u00e9li-Nord, via le site <a href=\"https:\/\/www.heli-nord.com\/\">https:\/\/www.heli-nord.com\/<\/a><\/li>\n<\/ul>\n","protected":false},"excerpt":{"rendered":"<p>L&rsquo;a\u00e9ro-club propose des bapt\u00eames en avion, ULM multiaxe ou en planeur.Pour les autres activit\u00e9s se d\u00e9roulant \u00e0 l&rsquo;a\u00e9rodrome d&rsquo;Abbeville, veuillez consulter le bas de cette page SVP. Plusieurs formules sont disponibles&nbsp;:Les tarifs susmentionn\u00e9es ont \u00e9t\u00e9 mis \u00e0 jour le 5&nbsp;juin&nbsp;2025 (sous r\u00e9serve de modifications ult\u00e9rieures en raison des fluctuations des prix du carburant). Tour d&rsquo;Abbeville [&hellip;]<\/p>\n","protected":false},"author":20,"featured_media":0,"parent":0,"menu_order":0,"comment_status":"closed","ping_status":"closed","template":"","meta":{"inline_featured_image":false,"footnotes":""},"class_list":["post-5087","page","type-page","status-publish","hentry"],"_links":{"self":[{"href":"http:\/\/aeroclub-abbeville.fr\/index.php?rest_route=\/wp\/v2\/pages\/5087","targetHints":{"allow":["GET"]}}],"collection":[{"href":"http:\/\/aeroclub-abbeville.fr\/index.php?rest_route=\/wp\/v2\/pages"}],"about":[{"href":"http:\/\/aeroclub-abbeville.fr\/index.php?rest_route=\/wp\/v2\/types\/page"}],"author":[{"embeddable":true,"href":"http:\/\/aeroclub-abbeville.fr\/index.php?rest_route=\/wp\/v2\/users\/20"}],"replies":[{"embeddable":true,"href":"http:\/\/aeroclub-abbeville.fr\/index.php?rest_route=%2Fwp%2Fv2%2Fcomments&post=5087"}],"version-history":[{"count":41,"href":"http:\/\/aeroclub-abbeville.fr\/index.php?rest_route=\/wp\/v2\/pages\/5087\/revisions"}],"predecessor-version":[{"id":6666,"href":"http:\/\/aeroclub-abbeville.fr\/index.php?rest_route=\/wp\/v2\/pages\/5087\/revisions\/6666"}],"wp:attachment":[{"href":"http:\/\/aeroclub-abbeville.fr\/index.php?rest_route=%2Fwp%2Fv2%2Fmedia&parent=5087"}],"curies":[{"name":"wp","href":"https:\/\/api.w.org\/{rel}","templated":true}]}}