{"id":91,"date":"2014-01-07T23:22:37","date_gmt":"2014-01-07T22:22:37","guid":{"rendered":"http:\/\/web.aeroclub-abbeville.fr\/aeroclub\/?page_id=91"},"modified":"2019-05-19T15:44:32","modified_gmt":"2019-05-19T14:44:32","slug":"photos-et-video-vol-a-voile","status":"publish","type":"page","link":"http:\/\/aeroclub-abbeville.fr\/?page_id=91","title":{"rendered":"Photos vol \u00e0 voile"},"content":{"rendered":"<div>\n<div>\u00a0<\/div>\n<h5><a href=\"https:\/\/photos.app.goo.gl\/sCSkv7DF18fZfg146\">Championnat de France junior Cambrai 2012<\/a><\/h5>\n<div><hr \/><a href=\"https:\/\/photos.app.goo.gl\/z3cKhNV6tGDTjXvN6\">Concours inter r\u00e9gional Lille 2012<\/a><\/div>\n<div><hr \/><\/div>\n<h5><a href=\"https:\/\/photos.app.goo.gl\/rxT4R5DPSnJPdtXi6\">Concours jeunes Amiens avril 2012<\/a><\/h5>\n<div><hr \/><\/div>\n<h5><a href=\"https:\/\/photos.app.goo.gl\/iTsfazUDF6R9TF826\">L&rsquo;hiver au vol \u00e0 voile on ponce!<\/a><\/h5>\n<div><hr \/><\/div>\n<h5><a href=\"https:\/\/photos.app.goo.gl\/sFF8C9Qx9D8p58vb7\">Stage vol \u00e0 voiles \u00e0 Troyes 2011<\/a><\/h5>\n<div><hr \/><\/div>\n<h5><a href=\"https:\/\/photos.app.goo.gl\/JzSF1JpvCGMbME2F8\">Concours inter r\u00e9gional Compi\u00e8gne 2011<\/a><\/h5>\n<div><hr \/><\/div>\n<h5><a href=\"https:\/\/photos.app.goo.gl\/pPsAGC2BMVH66ewy8\">Activit\u00e9 planeur \u00e0 Abbeville<\/a><\/h5>\n<div><hr \/><\/div>\n<h5><a href=\"https:\/\/photos.app.goo.gl\/yg7V5sV7j4c4SNct5\">Championnat de France Jeunes 2010<\/a><\/h5>\n<div><hr \/><\/div>\n<h5><a href=\"https:\/\/photos.app.goo.gl\/gvx15WevvTSAkhcq8\">Le concours r\u00e9gional jeunes Vol \u00e0 Voile &#8211; Amiens 2010<\/a><\/h5>\n<div><hr \/><\/div>\n<h5><a href=\"https:\/\/photos.app.goo.gl\/JHd5UGW4q7JJoTkV9\">Le concours inter-r\u00e9gional de de Vol \u00e0 Voile &#8211; Maubeuge 2010<\/a><\/h5>\n<div><hr \/><\/div>\n<h5><a href=\"https:\/\/photos.app.goo.gl\/PNJP7AigfsXRp4zy8\">Le concours inter-r\u00e9gional de de Vol \u00e0 Voile &#8211; Abbeville 2009<\/a><\/h5>\n<div><hr \/><\/div>\n<h5><a href=\"https:\/\/photos.app.goo.gl\/VJ9wdSVuQKA9Ujm9A\">Le concours inter-r\u00e9gional de de Vol \u00e0 Voile &#8211; Cambrai 2008<\/a><\/h5>\n<div><hr \/><\/div>\n<h5><a href=\"https:\/\/photos.app.goo.gl\/2g3kXESmUYrJDYKL7\">Stage planeur \u00e0 Argenton<\/a><\/h5>\n<div><hr \/><\/div>\n<h5><a href=\"https:\/\/photos.app.goo.gl\/of7KVTbKSpHe4Se28\">Stage planeur \u00e0 Saint Auban<\/a><\/h5>\n<div><hr \/><\/div>\n<h5><a href=\"https:\/\/photos.app.goo.gl\/Jn9m4ufrDyP94WFw6\">Stage planeur \u00e0 Seyne les Alpes<\/a><\/h5>\n<\/div>\n\n","protected":false},"excerpt":{"rendered":"<p>\u00a0 Championnat de France junior Cambrai 2012 Concours inter r\u00e9gional Lille 2012 Concours jeunes Amiens avril 2012 L&rsquo;hiver au vol \u00e0 voile on ponce! Stage vol \u00e0 voiles \u00e0 Troyes 2011 Concours inter r\u00e9gional Compi\u00e8gne 2011 Activit\u00e9 planeur \u00e0 Abbeville Championnat de France Jeunes 2010 Le concours r\u00e9gional jeunes Vol \u00e0 Voile &#8211; Amiens 2010 [&hellip;]<\/p>\n","protected":false},"author":67,"featured_media":0,"parent":0,"menu_order":0,"comment_status":"open","ping_status":"open","template":"","meta":{"inline_featured_image":false,"footnotes":""},"class_list":["post-91","page","type-page","status-publish","hentry"],"_links":{"self":[{"href":"http:\/\/aeroclub-abbeville.fr\/index.php?rest_route=\/wp\/v2\/pages\/91","targetHints":{"allow":["GET"]}}],"collection":[{"href":"http:\/\/aeroclub-abbeville.fr\/index.php?rest_route=\/wp\/v2\/pages"}],"about":[{"href":"http:\/\/aeroclub-abbeville.fr\/index.php?rest_route=\/wp\/v2\/types\/page"}],"author":[{"embeddable":true,"href":"http:\/\/aeroclub-abbeville.fr\/index.php?rest_route=\/wp\/v2\/users\/67"}],"replies":[{"embeddable":true,"href":"http:\/\/aeroclub-abbeville.fr\/index.php?rest_route=%2Fwp%2Fv2%2Fcomments&post=91"}],"version-history":[{"count":4,"href":"http:\/\/aeroclub-abbeville.fr\/index.php?rest_route=\/wp\/v2\/pages\/91\/revisions"}],"predecessor-version":[{"id":2049,"href":"http:\/\/aeroclub-abbeville.fr\/index.php?rest_route=\/wp\/v2\/pages\/91\/revisions\/2049"}],"wp:attachment":[{"href":"http:\/\/aeroclub-abbeville.fr\/index.php?rest_route=%2Fwp%2Fv2%2Fmedia&parent=91"}],"curies":[{"name":"wp","href":"https:\/\/api.w.org\/{rel}","templated":true}]}}